ivided by p?
34
Let g(f) = 6*f**2 - 41*f - 267. What is the remainder when 623 is divided by g(-6)?
38
Let k(r) = r**3 - 2*r**2 - r + 2. Let c(x) = -2*x + 2. Let w be c(1). Suppose w*l = -l - 0*l. Calculate the remainder when 2 is divided by k(l).
0
Let i(m) = -5*m**3 + 120*m**2 + 13*m + 64. What is the remainder when 756 is divided by i(24)?
4
Let k = -34532 + 36579. Calculate the remainder when k is divided by 50.
47
Let g(v) = -v**2 - v + 234. What is the remainder when 1453 is divided by g(13)?
49
Let f(l) = l**2 - 193*l - 1169. Let x(a) = 5*a**2 - 5*a - 6. Calculate the remainder when x(-4) is divided by f(-6).
19
Let x(k) = -41*k - 2016. Calculate the remainder when x(-52) is divided by 22.
6
Let c = 9 - 5. Let y(k) = 2*k**3 - 6*k**2 + 9*k - 11. Let p be y(c). Let b = -17 + p. Calculate the remainder when b is divided by 22.
18
What is the remainder when (-1 - 5577/(-5)) + 4450/125 + -35 is divided by 10?
5
Suppose -8*a - 23 - 9 = 0. Let d be 0 + -12*2 + a. Let w = 38 - d. Calculate the remainder when w is divided by 25.
16
Let o(c) = 12*c**3 + 2*c - 5. Calculate the remainder when o(2) is divided by 8/(-6 + 3 - -4).
7
Suppose 3*o = 4*i + 1157, 4*o = 4*i + i + 1541. Let w = o - 232. Calculate the remainder when w is divided by (-1 + 2)/(2/74).
36
Suppose -85*b + 273 = 20*b - 567. What is the remainder when 12 is divided by b?
4
Calculate the remainder when (417 - (-2 + -2)) + -1 + (-18 - -14) is divided by 127.
35
Suppose -66 = -w - 4*z - 7, -4*w - 3*z = -223. Suppose -c - 5*r = 3*c + 50, -5*r + w = -3*c. What is the remainder when (45/4)/(c/(-60)) is divided by 12?
9
What is the remainder when 1358 is divided by (8 + 997)/15 - 17?
8
Let w(p) = 3*p**2 - 230*p + 3460. Let d = -22 + 42. What is the remainder when w(17) is divided by d?
17
Suppose 0 = 3*j + 3*l + 3, -2*l = -3*j - 0*l - 13. Let z be j*22*1/(-2). Suppose 3*c - 3 = z. What is the remainder when c is divided by 7?
5
Suppose -297*x + 291*x = 0. Suppose -2*q - 44*t + 48*t = -26, -4*q - 4*t + 40 = x. Calculate the remainder when 82 is divided by q.
5
Let w(b) = -5*b**3 + 17*b**2 - 16*b + 39. What is the remainder when 552 is divided by w(3)?
3
Let f be (-3 - 14/7) + 60*1. Calculate the remainder when (115 + 0/(-1))*(-52 + f) is divided by 87.
84
Let w(u) = -12*u - 196. Suppose 2*k = -0*c - 3*c - 51, -3*k = 5*c + 77. Calculate the remainder when w(k) is divided by 33.
26
Suppose -199*y - 30 = -205*y. Suppose 0 = -o + 7*q - 4*q + 105, 0 = 5*q - 15. What is the remainder when o is divided by y?
4
Let i = -56 - -58. Suppose i*f + 9*d + 14 = 8*d, -4*d = 2*f + 14. Calculate the remainder when 6 + 1 + 2 + f is divided by 2.
0
Suppose -12 = 2*r + 4*m, 3*r - 4 = 2*m + 10. Suppose -r*q + 342 = 17*q. Calculate the remainder when 197 is divided by q.
17
Let x(n) = 132*n**2 - 15*n - 10. Let y be x(6). Suppose 4*w - 24*d + 19*d - y = 0, 2*w - 2332 = 4*d. Calculate the remainder when w is divided by 20.
18
Let h = -86 + 466. Let x = h - 542. Let u = 236 + x. What is the remainder when u is divided by 25?
24
Suppose -3*r + 72 = 12. Suppose 120 = 12*u + 3*u. Suppose u*h + 19*h = 2106. What is the remainder when h is divided by r?
18
Let i be 34/2 - (-3 - 1). Suppose -23*h + 4 = -i*h. Suppose -h*t + 7*t = 275. What is the remainder when t is divided by 14?
13
Calculate the remainder when 23/(1/22*2) is divided by (-3 - -8)/(90/9 - 9).
3
Let h = 31855 - 31724. What is the remainder when h is divided by 89?
42
Let t(d) = 32*d - 14*d - 1 + 26*d. Let c be 54/9 - 1/(3/12). Calculate the remainder when t(c) is divided by 18.
15
Suppose 43*k + 874 = 3*g + 42*k, -2*k = -4*g + 1170. Calculate the remainder when 1449 is divided by g.
4
Let o(l) = -l - 62. Let u(s) = -s - 31. Let g(b) = -3*o(b) + 7*u(b). Let c be g(-8). Calculate the remainder when 11 is divided by 1*(c - 2)*-7.
4
Let l(v) = 7*v**2 + 30*v - 66. Calculate the remainder when l(-16) is divided by 13.
11
Calculate the remainder when 1415 is divided by -7*(3 + 132/(-28))*(-1216)/(-228).
7
Suppose -4*f + 172 = -v, 6*f - 4*v = 7*f - 60. Suppose 49*o = f*o + 115. What is the remainder when 133 is divided by o?
18
Let l be -30*((-20304)/20)/(-6). Calculate the remainder when -1 - l/33 - 62/(-341) is divided by 36.
9
Suppose 15*z + 812 = -18*z + 8831. What is the remainder when z is divided by 34?
5
Let a(f) = 6*f - 202. Let q be a(34). Suppose q*y - 36 = -3*m + 12, m - y - 16 = 0. Calculate the remainder when 104 is divided by m.
8
Suppose -8*z + 32 + 0 = 0. What is the remainder when (1 - (-15)/(-18)) + (-95)/(-6) is divided by z?
0
Let w(g) = -3*g + 103. Let s(m) = -6*m - 40. Calculate the remainder when w(12) is divided by s(-10).
7
Suppose -19 = -2*n + 51. Let b = -574 + 655. Calculate the remainder when b is divided by (28/35)/(2/n).
11
Suppose -643*u + 3252 = -640*u. What is the remainder when u is divided by 182?
174
Let z = -646 - -694. What is the remainder when 482 is divided by z?
2
Let s(w) = -w**3 - 21*w**2 - 74*w + 257. Calculate the remainder when 946 is divided by s(-15).
11
Suppose 6*t - 80 + 32 = 0. Let k be -1*(14 + (-3 - 1)). Calculate the remainder when ((-25)/k - 2)*36 is divided by t.
2
Let l be (-1)/(2 - (3 + (-6)/8)). Suppose -197 + 33 = -l*u. Let t(o) = -10*o**3 + o**2 - 2*o - 2. What is the remainder when u is divided by t(-1)?
8
Let v = -5445 - -7386. Calculate the remainder when v is divided by 72.
69
Suppose 5*b = -0*b + 315. Let u be (16/(-2))/((-10)/25). What is the remainder when b is divided by (704/u)/(-4)*(-5)/2?
19
Let j = -5293 - -5547. Calculate the remainder when j is divided by 128.
126
Let p(t) = -t**2 + 96*t + 646. Calculate the remainder when p(-6) is divided by 8.
2
Let q(w) = w + w + 3 + 3 - w. Let l be q(-2). What is the remainder when ((-7)/4)/(l/(-32)) is divided by 10?
4
Let v(i) = 3*i**3 + i**2 - 25*i + 9. Let r(x) = -x**3 - x**2 + 2. Let m(f) = -2*r(f) - v(f). Calculate the remainder when 59 is divided by m(5).
11
Suppose 14*d = -12 + 222. Suppose 0 = 4*h - 3*u - 40, 0 = -11*u + d*u. What is the remainder when 66 is divided by h?
6
Let v(w) = w**2 - 9*w - 55. Let o(x) = -x**2 + 8*x + 54. Let z(s) = 4*o(s) + 3*v(s). What is the remainder when 87 is divided by z(9)?
12
Let d(t) = -51*t**3 - 3*t**2 - 3*t - 10. Let z(y) = -76*y**3 - 4*y**2 - 4*y - 14. Let j(r) = 7*d(r) - 5*z(r). What is the remainder when j(2) is divided by 20?
18
Calculate the remainder when 2992 is divided by 3 + 86*20/((-80)/(-8)).
17
Suppose 50 + 40 = 5*g. Let h = g - 6. Let w = h - -31. Calculate the remainder when w is divided by 15.
13
What is the remainder when (-24)/3 + 41816/40*5 is divided by 23?
21
Suppose -3*l = -j + 18, -8 = -3*j - 2*l + 2. Suppose 5*v = j*v. Suppose v*y - 24 = -2*y. Calculate the remainder when 19 is divided by y.
7
Suppose 378 = 4*g + 214. Let c be (84/5)/(18/(-120)). Let z = 9 - c. Calculate the remainder when z is divided by g.
39
Let d(i) = -18*i - 110. Suppose 21*y = 24*y + 24. What is the remainder when 86 is divided by d(y)?
18
Suppose 6694 + 19564 + 21917 = 25*c. Calculate the remainder when c is divided by 39.
16
Let p(c) = c**3 - 10*c**2 + 26*c - 111. What is the remainder when 1752 is divided by p(9)?
30
Calculate the remainder when 3721 is divided by 201*(-22)/(-66) - -6.
71
Suppose -4*j - j = 2*v - 115, -4*v + 4*j + 160 = 0. Suppose -13*z + 77 = -6*z. Calculate the remainder when (-13)/(((-30)/v)/((-8)/(-6))) is divided by z.
4
Let c be (-5 - (-28)/8)*24/9. Suppose o + 2*o = -9. What is the remainder when (-126)/c + o/(-6) is divided by 17?
15
Suppose -6 = -2*a - 4*p, -a + 9 = -4*p + 3*p. Suppose -a*z + 552 = 5*z. Suppose 8*b = 5*b + k + 58, 0 = k - 5. What is the remainder when z is divided by b?
4
Let x(t) = -2*t + 42. Let s be x(-13). Let o = 84 - s. What is the remainder when o is divided by 15?
1
Suppose -v = -4*n + 976, v + 731 = 3*n - 0*n. What is the remainder when 260 is divided by n?
15
Let g = 14 - 12. Suppose g*n + 24 = 3*n. Let p(h) = -11*h + 232. Calculate the remainder when p(17) is divided by n.
21
Let d = 4806 - 4722. What is the remainder when 143 is divided by d?
59
Let d = -301 - -287. Let n(y) = -y**3 - 13*y**2 + 9*y - 4. What is the remainder when 324 is divided by n(d)?
60
Let n = -674 - -674. Suppose n = 418*v - 423*v + 40. Suppose -3*t - h = 3*h - 16, -5*t = 5*h -